hat is the tens digit of w?
2
Let r be (0 + (-20)/(-6))/(6/54). Suppose 5*o = -2*p + 2*o + r, 2*p - 30 = -2*o. Let v = -8 + p. What is the units digit of v?
7
Let v(h) = 8*h**2 - 49*h + 8. Let i = 192 + -179. What is the units digit of v(i)?
3
Suppose -5*j - 2*z + 3 + 2 = 0, -3*z - 15 = 0. Suppose -q - 4*a + 424 = 0, j*a - 1632 = -5*q + 522. What is the hundreds digit of q?
4
Suppose 5*l = 5*h + 43765, -3*l + 4*h + 6016 = -20239. What is the tens digit of l?
5
Suppose 0*s = -4*i + 2*s + 194, 4*i - 5*s = 185. Let b = i + -14. What is the tens digit of b?
3
Let l = -10353 - -18902. What is the hundreds digit of l?
5
Let r(h) = 24*h + 65. Let q(o) = 1. Let f(y) = -6*q(y) + r(y). What is the hundreds digit of f(23)?
6
Suppose -864*g + 863*g = -l + 83336, 2*l + 5*g - 166679 = 0. What is the thousands digit of l?
3
Suppose 4*d - 20 = 0, -3*y - y + 9 = d. Let k = y + 2. Suppose 0*v = -3*h - v + 30, -k*h + 4*v = -30. What is the units digit of h?
0
Suppose 3*v = -0*v - u + 31, 3*v + 5*u = 35. Let b be (-97)/(-4) + 11 + 328/(-32). What is the tens digit of b/v*1*10?
2
What is the ten thousands digit of ((-19)/760*-8)/((-1)/(-100175))?
2
Let o = 133552 + -83796. What is the ten thousands digit of o?
4
Let o(y) = -y**3 + 11*y**2 - 12*y + 7. Let z = 89 - 87. Suppose m - 3 - 2 = 0, z*m = -v + 16. What is the units digit of o(v)?
5
Let k = 67424 - 31055. What is the ten thousands digit of k?
3
Suppose -12173 = -35*i - 2*i. Let g = i - 170. What is the tens digit of g?
5
Let k(p) = -4*p**2 - 61*p + 3. Let d(j) = 6*j**2 + 125*j - 6. Let f(y) = -2*d(y) - 5*k(y). What is the units digit of f(-11)?
0
Let x(a) = -2*a + 76. Let d be x(24). Let z be d/((-12)/(-5) + (-34)/85). Suppose 17*n - 549 = z*n. What is the hundreds digit of n?
1
What is the units digit of 51/85 - 2736/(-15)?
3
Let v(l) = -3*l**3 + 173*l**2 + 50*l - 835. What is the tens digit of v(55)?
1
Suppose 0 = 4*o + m + 99, 3 = -3*m + 6. Let g(j) = -11*j + 215. What is the units digit of g(o)?
0
Suppose 2*m - 7*m + 3*x = 110, 4*m - 2*x = -90. Let b = 5 + m. What is the tens digit of 50 + (6/(-4))/(15/b)?
5
Let u(h) = 26*h**2 + 165 - 25*h**2 + 48 + 158. What is the tens digit of u(0)?
7
Suppose 16*x - x = 10*x + 13515. What is the thousands digit of x?
2
Let j = 59579 + -8390. What is the units digit of j?
9
Let q(i) = -11 + 12*i - 2*i**3 + 4 + 17*i**2 + 0 - 6. What is the tens digit of q(6)?
3
Let v be 11 + -16 - (0 + -21). Suppose -v*q + 456 = -15*q. What is the units digit of q?
6
Let p be (-9)/(-27)*6/(-2). Let f(c) = -9*c + c + 3*c + 2*c**2 - 4 + 0*c**2. What is the units digit of f(p)?
3
What is the thousands digit of (3893 + 39)*(12/(-8) + 2)?
1
Let y(h) = -77*h - 112. Let q be y(7). Let l = -330 - q. What is the units digit of l?
1
Suppose 8*h = 15*h - 14. What is the hundreds digit of (-1246)/(0 + h + -4)?
6
Suppose 2*k - 110674 = -4*c, 2*c - 5*k - 7270 = 48013. What is the tens digit of c?
6
Suppose 5*s + 469 + 111 = 0. What is the tens digit of (-10*(-2 - s))/(8/(-8))?
4
Let a be 44/11 + (-12)/2. What is the tens digit of 1 + -1 + 578/2 - a?
9
Suppose -4*r - 551 = -s, 4*r - 1 = 5*r. What is the hundreds digit of s?
5
Let a(m) = -58*m - 47. Suppose -57 - 33 = 15*u. What is the hundreds digit of a(u)?
3
Let u = -54 + 58. Let k(r) = 5*r + 5*r - u*r + 0 + 9. What is the tens digit of k(7)?
5
Suppose 35 = -4*h + 151. Let o(a) = a**3 - 21*a**2 - 175*a + 51. What is the units digit of o(h)?
4
Let c(j) = -6*j - 3*j + 0 + j**2 + 18. Let h be c(6). Suppose 5*x = 5*u + 800, x + 3*u = -h*u + 160. What is the tens digit of x?
6
Let r(w) = -40*w + 9. Let i be r(-4). Suppose 3*u = -4*t - u - 676, 0 = t + 3*u + i. Let y = -90 - t. What is the units digit of y?
9
Let o be 1 + 1 - (0/2 - 0). Suppose 3*y + 4*t = -12 - 8, -o*y + 10 = -2*t. Suppose y = 6*f - 2*f - h - 137, 5*f - 172 = h. What is the tens digit of f?
3
Let r(h) = 2*h**2 + 3*h. Let b be r(-2). Suppose -3*j + b*j - 3 = -2*d, 3 = -j. Let w(m) = -m**2 + 4*m + 44. What is the tens digit of w(d)?
4
Suppose 0 = y + 2*j - 5 - 10, 3*y = -4*j + 39. Let p be (0 - 3/y)*(0 - 0). Suppose p = 2*b - 53 - 51. What is the tens digit of b?
5
Suppose 4*i - 355947 - 400873 = -6*i. What is the thousands digit of i?
5
Suppose 5*z = 3*z, z - 685 = d. Let v = -251 - d. What is the tens digit of v?
3
Let m(d) = 11*d**2 + 14*d + 7. Let q = 165 - 160. What is the tens digit of m(q)?
5
Let v = 4699 - -4654. What is the thousands digit of v?
9
Let u be ((-2 - 2)/12)/(2/(-90)). Let r = 20 - u. Suppose -2*w = -x + 18 + 2, -3*x + r*w + 56 = 0. What is the units digit of x?
2
Let b(w) = -w**2 - w + 599. Let l(a) = 5*a - 75. Let h be l(15). What is the tens digit of b(h)?
9
Let i(z) = 4*z**3 + 9*z**2 + 5*z - 3. Let u be i(7). Suppose -u = -8*j + 3*j. Suppose 4*n - j = -73. What is the units digit of n?
4
Let i(a) = -314*a**3 + 8*a**2 + 32*a + 23. What is the thousands digit of i(-3)?
8
Suppose -m - q + 33420 = -5*q, 0 = 2*m + 3*q - 66917. What is the hundreds digit of m?
4
Let m(b) = b**2 - 3 + 885*b**3 - 2*b**2 - 48*b + 37*b + 15. What is the hundreds digit of m(1)?
8
Let m(a) = -23*a**2 + 7*a + 7. Let j be m(2). Suppose 2*p = p - y + 126, -5*p = -4*y - 621. Let x = j + p. What is the tens digit of x?
5
Let f = 40915 - 23847. What is the units digit of f?
8
Suppose -4*v + 30 = 5*k, -2*v + v + 1 = -2*k. Let b(q) = -2 + 8*q - 17 + 2 + v. What is the units digit of b(7)?
4
Suppose d = -4*a - 3, -9 = -4*d + 2*a + 3*a. Suppose -3*c - d = u - c, 0 = c + 2. Suppose p = -5*m + 57, u*p - 2*m + m - 235 = 0. What is the units digit of p?
7
Suppose -103872 = 31*v - 74*v - 31546. What is the hundreds digit of v?
6
Suppose 0 = -3*h - 5*w - 30, 5*h + 0*w + 28 = -w. Let l(f) = -27*f - 75. What is the units digit of l(h)?
0
What is the hundreds digit of ((-119392)/21 + -12)*((-3)/3 + -2)?
0
Suppose 0 = -3*s + 229 - 655. Let t = -141 - s. What is the units digit of t?
1
Let h be (-20)/(-14) - (-92)/161. What is the units digit of (1479/h - 1)*(-8)/(-14)?
2
Let n = -3623 + 728. What is the hundreds digit of ((-24)/(-18))/((-10)/n)?
3
Let m = -19244 + 37729. What is the tens digit of m?
8
Suppose 5*f + 1130 = -5*z, -340 = 2*f - 5*z + 119. Let i = -384 - f. Let g = -6 - i. What is the hundreds digit of g?
1
Suppose -5*f + 168 = 7*f. Suppose -f*q + 18603 = 13*q. What is the hundreds digit of q?
6
Suppose -2*v + v = -1219. Suppose 0 = -3*s + 5*c + v, -c + 0*c = s - 393. What is the hundreds digit of s?
3
Let s(c) = c + 18. Let t be s(-18). What is the hundreds digit of ((-168)/30 + 6)*(t + 870)?
3
Suppose 120*w = 55*w + 369850. What is the hundreds digit of w?
6
Suppose -2476 - 134 = 29*v. What is the tens digit of v/(-2 + (6 - 5))?
9
Let f = 17 - -665. Let n = f - 19. What is the units digit of n?
3
Let t = 7463 + -6078. What is the units digit of t?
5
Suppose -b - 2*g = b + 322, -5*b = 3*g + 795. Let l = b + 128. Let t(z) = z**2 + 22*z + 28. What is the hundreds digit of t(l)?
1
Let l(o) = 434*o**2 + 21*o - 72. What is the hundreds digit of l(10)?
5
Let p be (-34)/10 + 4 + 1772/(-20). Let x be (4 + -2 - -115) + -2. Let b = x + p. What is the units digit of b?
7
Let t(y) = -74*y - 10. Let a(z) = 25*z + 3. Let k(v) = 8*a(v) + 3*t(v). Let x be k(-3). What is the tens digit of ((-31)/5 - -1)/((-12)/x)?
2
Suppose 4*q + 3*c - 17 = 0, -5*q - 5 = 4*c - 26. Let b be (4 + 16)/q + 94. Suppose 3*z = 130 + b. What is the tens digit of z?
7
Suppose 2*j + 3*l = -0*j + 1230, l = -2*j + 1230. Suppose j - 112 = y. What is the tens digit of y?
0
Let m(j) = 77*j - 34. Let s(w) = w**2 + 13*w - 20. Let i be s(-16). Suppose -16 = -2*n - 2*k, -4*k + 9*k = -2*n + i. What is the hundreds digit of m(n)?
2
Let g = 24430 - -17787. What is the ten thousands digit of g?
4
Suppose 4*v - 2*x = 53686, 5*v - 22232 - 44877 = 4*x. What is the tens digit of v?
2
Let a be -4*3/(-6) - -3. Let y be 2 - (2 + (-2 - -2)). Suppose -a*k + 25 = y, 0*z - 4*k - 24 = -2*z. What is the tens digit of z?
2
Let l be 3 + (-1)/((-3)/6). Let c(t) = t**3 - 11*t**2 + t - 8. Let m be c(11). Suppose -2*i + 85 = 3*q, q - m*i - l = i. What is the units digit of q?
5
Suppose 60*x + 4*w = 55*x + 40230, -2*x - 4*w = -16104. What is the tens digit of x?
4
Let i(a) = 4*a**3 + 4*a**2 + 5*a + 5. Let f be i(-2). Let r be 3/f + 16/14. Suppose 7*u - 4*u - 241 = -5*q, 